).
-7
Let t(j) = 3*j - 12. Give t(8).
12
Let m(y) = -2*y**3 + 6*y**2 - 4*y + 4. Determine m(4).
-44
Let x(l) = l**2 + 2*l. Determine x(1).
3
Let a(k) = -27*k - 105. Determine a(-4).
3
Let w(f) = -f**2 - 10*f - 1. Determine w(-10).
-1
Let c(k) = -2*k**2 - 18*k - 15. Give c(-8).
1
Let l(n) = -12*n - 2. What is l(2)?
-26
Let p(d) = d**3 + 15*d**2 - 15*d + 9. What is p(-16)?
-7
Let v(x) = 2*x**2 - 10*x + 12. What is v(-5)?
112
Let v(i) = i - 4. What is v(-5)?
-9
Let v(j) = -j**3 + 5*j**2 + 8*j + 9. Calculate v(7).
-33
Let j(m) = -m**2 + 16*m - 28. What is j(12)?
20
Let p(k) = -k**3 - 4*k**2 + 11*k - 12. What is p(-6)?
-6
Let n(z) = -3*z + 4. Calculate n(1).
1
Let r(g) = 9*g + 1. Calculate r(-5).
-44
Let q(h) = -103*h**2 - 7*h + 8. Give q(1).
-102
Let o(j) = -j**3 - 5*j**2 - 2*j + 6. Determine o(-4).
-2
Let j(r) = 8*r**2 + 2*r + 1. What is j(-1)?
7
Let p(j) = 4*j + 7. Calculate p(-3).
-5
Let r(n) = -n**3 - 7*n**2 + n + 23. Give r(-7).
16
Let l(v) = -4*v + 9. Calculate l(6).
-15
Let k(a) = 26*a + 3. Give k(-3).
-75
Let j(g) = -13*g - 154. What is j(-12)?
2
Let m(x) = -4*x**3 + 19*x**2 + 4*x - 14. Calculate m(5).
-19
Let o(h) = -3*h + 20. Calculate o(11).
-13
Let r(d) = 2*d**3 + 89*d**2 - 42*d + 138. Give r(-45).
3
Let x(a) = -15*a. Determine x(2).
-30
Let u(o) = o**2 - 17*o + 25. Calculate u(15).
-5
Let c(l) = l**2 + 8*l - 3. What is c(-10)?
17
Let m(f) = -f**2 - 12*f + 27. Give m(-14).
-1
Let j(d) = d**2 + 10*d - 1. Calculate j(-12).
23
Let v(z) = -9*z**2 - z + 1. Give v(1).
-9
Let j(a) = -a**3 - 4*a**2 - 8*a. What is j(-3)?
15
Let s(v) = -2*v + 21. What is s(10)?
1
Let k(f) = -f**3 + 9*f**2 + 22*f + 4. Give k(11).
4
Let o(v) = 2*v**2 - 26*v + 25. Give o(12).
1
Let x(b) = b**3 - 7*b**2 - 13*b - 1. Determine x(9).
44
Let r(f) = 9*f - 43. Calculate r(0).
-43
Let f(j) = -j**2 - 8. Calculate f(5).
-33
Let c(u) = 3*u - 4. What is c(8)?
20
Let y(d) = -3*d**2 + d. Give y(2).
-10
Let r(d) = -d**2 + 8*d - 20. Calculate r(6).
-8
Let g(c) = -2*c**3 + 4*c**2 + c - 1. Give g(3).
-16
Let p(s) = s**2 + 9*s + 6. What is p(-9)?
6
Let z(g) = -g**3 + 5*g**2 + 16*g - 12. What is z(8)?
-76
Let g(z) = 13*z - 6. What is g(-3)?
-45
Let i(b) = -b + 35. Calculate i(0).
35
Let r(b) = b**2 + 4*b - 29. Calculate r(4).
3
Let m(q) = q**2 + 23*q + 29. Calculate m(-22).
7
Let d(x) = -x**2 + 2*x + 5. Give d(7).
-30
Let k(y) = y**3 - 5*y**2 - 2*y + 4. Determine k(4).
-20
Let s(j) = -4*j**2 + 3*j + 4. What is s(-3)?
-41
Let t(y) = -y + 13. Give t(0).
13
Let x(k) = -k**3 + 7*k**2 + 3*k - 7. Give x(7).
14
Let p(o) = o**2 + 12*o - 48. Determine p(-15).
-3
Let c(t) = t**3 + 9*t**2 + 7*t + 13. Determine c(-8).
21
Let q(r) = r**2 - 47. What is q(0)?
-47
Let n(s) = s - 33. Give n(24).
-9
Let b(m) = -m**3 + 10*m**2 + 15*m - 24. Calculate b(11).
20
Let t(y) = 80*y - 551. Give t(7).
9
Let r(k) = -k**2 - 9*k - 10. Calculate r(-7).
4
Let j(u) = u**3 + 2*u**2 + 6*u. Determine j(-4).
-56
Let h(m) = m**2 + 11*m + 10. Give h(-10).
0
Let c(n) = 3*n + 4. Give c(-2).
-2
Let l(c) = c**3 - 6*c**2 + 7*c - 7. Determine l(6).
35
Let b(i) = 19*i + 136. What is b(-7)?
3
Let z(t) = t + 43. Calculate z(-39).
4
Let f(q) = -q**2 + q + 6. What is f(3)?
0
Let t(k) = k**3 + 7*k**2 + 10*k + 5. Determine t(-5).
5
Let o(q) = q**3 - 8*q + 3. Give o(3).
6
Let o(w) = -w**2 - 6*w - 5. Determine o(-6).
-5
Let r(z) = -z**3 - 15*z**2 - 28. Give r(-15).
-28
Let y(p) = 3*p**3 - 3*p**2 - 2*p - 2. What is y(-2)?
-34
Let o(w) = w**2 - 34*w + 95. Calculate o(31).
2
Let i(g) = -g**3 + 5*g**2 - 3*g - 6. What is i(4)?
-2
Let s(j) = -12*j - 22. Determine s(9).
-130
Let f(i) = -5*i + 50. Calculate f(11).
-5
Let l(z) = z - 2. Give l(8).
6
Let g(u) = -101*u + 208. Give g(2).
6
Let j(v) = -v**2 - 49*v - 180. Give j(-45).
0
Let a(m) = -3*m + 7. Calculate a(5).
-8
Let q(x) = -14*x + 202. Determine q(13).
20
Let l(c) = c**2 + 13*c. Determine l(-6).
-42
Let y(a) = -11*a + 11. Give y(-3).
44
Let s(y) = 18*y**2 - 2*y + 2. What is s(1)?
18
Let r(w) = -6*w**2 + 2*w - 3. What is r(-3)?
-63
Let t(q) = 31*q - 19. What is t(4)?
105
Let b(a) = -4*a**2 + 33*a + 5. Determine b(8).
13
Let v(i) = -i**2 + 151. Give v(-13).
-18
Let d(l) = -2*l**3 + 12*l**2 - 8*l + 6. Determine d(5).
16
Let u(y) = y**2 + 3*y - 79. Give u(-10).
-9
Let n(i) = -2*i**3 + 3*i**2. Determine n(2).
-4
Let p(q) = -q**2 + 4*q + 4. Give p(7).
-17
Let v(n) = n**2 + 22*n + 23. What is v(-21)?
2
Let w(x) = x**2 - 9*x + 16. What is w(6)?
-2
Let s(k) = -k**3 - 7*k**2 - 5*k - 5. Calculate s(-6).
-11
Let y(g) = g**2 + 79*g + 308. Give y(-4).
8
Let f(h) = h**3 - 7*h**2 + 7*h - 5. Calculate f(6).
1
Let q(y) = -y**3 - 18*y**2 - y + 2. Calculate q(-18).
20
Let s(u) = 2*u - 114. Determine s(0).
-114
Let s(y) = -y**3 - 6*y**2 + 17*y - 17. Calculate s(-8).
-25
Let o(l) = l + 2. Calculate o(-13).
-11
Let l(u) = -u**2 + 9*u + 3. What is l(8)?
11
Let k(j) = -9*j**2 - 3*j + 4. Calculate k(2).
-38
Let l(p) = -51*p**2 + p - 1. What is l(1)?
-51
Let m(l) = -9*l - 22. What is m(-3)?
5
Let q(o) = -o**2 - 8*o + 7. Determine q(-7).
14
Let q(k) = -k**2 - 28*k - 50. What is q(-26)?
2
Let a(x) = x**3 - 7*x**2 + 3*x + 23. Calculate a(4).
-13
Let g(h) = h**2 - 20*h - 52. Calculate g(22).
-8
Let f(q) = q + 7. Determine f(3).
10
Let c(p) = -p**3 + 3*p**2 + p + 10. Calculate c(5).
-35
Let p(i) = -6*i - 4. Calculate p(-3).
14
Let n(x) = 3*x**3 - 5*x**2 - 3*x. Determine n(2).
-2
Let n(r) = -r**2 - 23*r + 6. Determine n(-23).
6
Let b(k) = 5*k - 4. Calculate b(-1).
-9
Let w(o) = -3*o - 24. What is w(-11)?
9
Let u(l) = 5*l + 89. What is u(-16)?
9
Let s(f) = -5*f**2 - 17*f - 7. Calculate s(-4).
-19
Let i(b) = b**3 - 5*b**2 - b - 1. Give i(4).
-21
Let b(r) = r**2 + r + 3. Determine b(3).
15
Let i(d) = d - 9. Give i(0).
-9
Let c(i) = i**3 - 15*i**2 + 25*i + 17. Give c(13).
4
Let q(d) = 8*d + 46. What is q(-7)?
-10
Let t(f) = f**3 + 2*f**2 - 4*f - 2. Give t(-3).
1
Let f(z) = z**3 + 3*z**2 - z + 4. Determine f(-4).
-8
Let v(n) = -2*n + 6. Give v(4).
-2
Let f(c) = -c**3 + 5*c**2 + 6*c + 6. Give f(5).
36
Let m(z) = -3*z**2 + 67*z + 48. What is m(23)?
2
Let d(z) = -z**2 - z + 18. Determine d(3).
6
Let k(w) = -8*w + 9. Give k(6).
-39
Let n(u) = 6*u - 11. What is n(7)?
31
Let m(s) = 6*s + 1. What is m(-1)?
-5
Let f(k) = -33*k + 1. What is f(1)?
-32
Let m(h) = 3*h + 12. What is m(6)?
30
Let h(s) = s - 1. Determine h(-6).
-7
Let g(m) = m**3 + 7*m**2 + 5*m - 14. Determine g(-6).
-8
Let l(s) = -4*s**2 + 53*s - 6. What is l(13)?
7
Let p(a) = 25*a - 14. Determine p(1).
11
Let u(r) = -r**3 + 13*r**2 + 13*r - 110. What is u(13)?
59
Let k(d) = -12*d + 46. Determine k(5).
-14
Let a(w) = 2*w - 56. What is a(25)?
-6
Let b(g) = g**2 + 3*g - 5. What is b(-3)?
-5
Let y(w) = 3*w**3 - 5*w**2 + 2*w + 5. What is y(4)?
125
Let m(x) = x**2 + 2*x - 1. Calculate m(-3).
2
Let r(y) = -y**3 + 5*y**2 - 7*y + 8. Give r(4).
-4
Let u(z) = 3*z**2 - 20*z + 9. Calculate u(6).
-3
Let x(r) = 2*r**2 + 14*r - 5. Give x(-7).
-5
Let v(y) = y**3 - 5*y**2 - 1. Determine v(2).
-13
Let f(c) = c**3 - 24*c**2 + 77*c + 56. Determine f(20).
-4
Let r(p) = 4*p**2 - 11*p + 22. Give r(3).
25
Let q(w) = -w**3 - 8*w**2 + 4*w - 45. What is q(-9)?
0
Let k(i) = -3*i**2 + 3*i + 9. What is k(4)?
-27
Let o(h) = -2*h**2 + 32*h - 7. What is o(16)?
-7
Let o(r) = -r**3 + 8*r**2 + 5*r + 6. Calculate o(9).
-30
Let y(d) = -3*d - 40. What is y(-11)?
-7
Let y(w) = w + 3. Calculate y(9).
12
Let f(q) = q**3 + 6*q**2 + 6*q - 2. Give f(-5).
-7
Let g(v) = -v**2 - 1. Give g(3).
-10
Let k(l) = l**3 + 6*l**2 + 5*l + 6. Calculate k(-5).
6
Let p(f) = -f**2 - 5*f - 9. Calculate p(-5).
-9
Let y(g) = -4*g - 51. Calculate y(-16).
13
Let l(t) = -t**2 - 12*t - 9. Give l(-10).
11
Let i(t) = 4*t**2 - 10*t + 6. Give i(4).
30
Let x(t) = -t**2 - 7*t + 7. Determine x(0).
7
Let g(j) = -j**3 - 6*j**2 - 9*j - 1. What is g(-3)?
-1
Let u(r) = -r**2 + 39*r - 51. Give u(38).
-13
Let q(w) = -w**2 - 11*w + 27. Determine q(-14).
-15
Let s(h) = 87*h - 74. What is s(1)?
13
Let c(z) = 6*z + 29. What is c(-5)?
-1
Let f(x) = -x**2 + x - 18. Determine f(0).
-18
Let f(s) = -11*s**2 + 144*s - 26. Give f(13).
-13
Let a(k) = 7*k + 73. Determine a(-21).
-74
Let f(r) = -5*r**2 + 30*r + 59. What is f(8)?
-21
Let z(x) = -x**3 + 7*x**2 + 7*x + 4. What is z(8)?
-4
Let c(b) = b**3 - 3*b**2 - 6. Give c(3).
-6
Let j(l) = -l**3 + 34*l**2 - 31*l -